{"id":349,"date":"2018-12-02T10:38:28","date_gmt":"2018-12-02T09:38:28","guid":{"rendered":"http:\/\/famille-giraud-quevillier.fr\/?page_id=349"},"modified":"2019-02-20T10:06:23","modified_gmt":"2019-02-20T09:06:23","slug":"photos-famille","status":"publish","type":"page","link":"https:\/\/famille-giraud-quevillier.fr\/index.php\/photos-famille\/","title":{"rendered":"Photos de Famille"},"content":{"rendered":"<p>[et_pb_section fb_built=\u00a0\u00bb1&Prime; _builder_version=\u00a0\u00bb3.17.6&Prime; custom_padding=\u00a0\u00bb0|0px|0|0px|false|false\u00a0\u00bb][et_pb_row custom_padding=\u00a0\u00bb27.6375px|0px|0|0px|false|false\u00a0\u00bb _builder_version=\u00a0\u00bb3.17.6&Prime;][et_pb_column type=\u00a0\u00bb4_4&Prime; _builder_version=\u00a0\u00bb3.17.6&Prime; parallax=\u00a0\u00bboff\u00a0\u00bb parallax_method=\u00a0\u00bbon\u00a0\u00bb][et_pb_code _builder_version=\u00a0\u00bb3.17.6&Prime; text_orientation=\u00a0\u00bbcenter\u00a0\u00bb custom_margin=\u00a0\u00bb-25px||\u00a0\u00bb]<img decoding=\"async\" loading=\"lazy\" src=\"http:\/\/famille-giraud-quevillier.fr\/wp-content\/uploads\/2018\/11\/peymeinade1_1985-HTML.jpg\" usemap=\"#image-map\" border=0 width=\"578\" height=\"480\"><!-- [et_pb_line_break_holder] --> <!-- [et_pb_line_break_holder] --><\/p>\n<map name=\"image-map\"><!-- [et_pb_line_break_holder] --><\/p>\n<area shape=\"rect\" coords=\"102, 67, 161, 127\" href=\"\" title=\"- 1 - Louis QUEVILLIER\"><!-- [et_pb_line_break_holder] --><\/p>\n<area shape=\"rect\" coords=\"144, 65, 203, 125\" href=\"\" title=\"- 2 - Annick QUEVILLIER\"><!-- [et_pb_line_break_holder] --><\/p>\n<area shape=\"rect\" coords=\"193, 78, 253, 137\" href=\"\" title=\"- 3 - Paulette JULIEN\"><!-- [et_pb_line_break_holder] --><\/p>\n<area shape=\"rect\" coords=\"282, 87, 341, 146\" href=\"\" title=\"- 4 - Fernande DEGLIAME\"><!-- [et_pb_line_break_holder] --><\/p>\n<area shape=\"rect\" coords=\"328, 48, 387, 107\" href=\"\" title=\"- 5 - G\u00e9rard GIRAUD\"><!-- [et_pb_line_break_holder] --><\/p>\n<area shape=\"rect\" coords=\"370, 61, 429, 120\" href=\"\" title=\"- 6 - C\u00e9cile GIRAUD\"><!-- [et_pb_line_break_holder] --><\/p>\n<area shape=\"rect\" coords=\"441, 64, 500, 123\" href=\"http:\/\/famille-giraud-quevillier.fr\/index.php\/2018\/11\/30\/roger-giraud\/\" title=\"- 7 - Roger GIRAUD\"><!-- [et_pb_line_break_holder] --><\/p>\n<area shape=\"rect\" coords=\"254, 143, 313, 202\" href=\"\" title=\"- 8 - Muriel GIRAUD\"><!-- [et_pb_line_break_holder] --><\/p>\n<area shape=\"rect\" coords=\"363, 104, 422, 163\" href=\"\" title=\"- 9 - Gribouille \"><!-- [et_pb_line_break_holder] --><\/map>\n<p><!-- [et_pb_line_break_holder] -->[\/et_pb_code][et_pb_text _builder_version=\u00a0\u00bb3.17.6&Prime; text_font=\u00a0\u00bb||||||||\u00a0\u00bb text_font_size=\u00a0\u00bb18px\u00a0\u00bb ul_font=\u00a0\u00bb||||||||\u00a0\u00bb header_font=\u00a0\u00bb||||||||\u00a0\u00bb header_2_font=\u00a0\u00bb||||||||\u00a0\u00bb header_2_font_size=\u00a0\u00bb17px\u00a0\u00bb custom_margin=\u00a0\u00bb-35px||\u00a0\u00bb]<\/p>\n<p style=\"text-align: center;\">Passez la souris sur une personne pour conna\u00eetre son identit\u00e9.<\/p>\n<p style=\"text-align: center;\">[\/et_pb_text][\/et_pb_column][\/et_pb_row][et_pb_row _builder_version=\u00a0\u00bb3.17.6&Prime;][et_pb_column type=\u00a0\u00bb4_4&Prime; _builder_version=\u00a0\u00bb3.17.6&Prime; parallax=\u00a0\u00bboff\u00a0\u00bb parallax_method=\u00a0\u00bbon\u00a0\u00bb][et_pb_gallery gallery_ids=\u00a0\u00bb692,694,695,696,681&Prime; posts_number=\u00a0\u00bb5&Prime; _builder_version=\u00a0\u00bb3.17.6&Prime;][\/et_pb_gallery][\/et_pb_column][\/et_pb_row][\/et_pb_section]<\/p>\n","protected":false},"excerpt":{"rendered":"<p>Passez la souris sur une personne pour conna\u00eetre son identit\u00e9.<\/p>\n","protected":false},"author":1,"featured_media":0,"parent":0,"menu_order":0,"comment_status":"closed","ping_status":"open","template":"","meta":{"_et_pb_use_builder":"on","_et_pb_old_content":"Voici un exemple de page. Elle est diff\u00e9rente d\u2019un article de blog, en cela qu\u2019elle restera \u00e0 la m\u00eame place, et s\u2019affichera dans le menu de navigation de votre site (en fonction de votre th\u00e8me). La plupart des gens commencent par \u00e9crire une page \u00ab\u00a0\u00c0 Propos\u00a0\u00bb qui les pr\u00e9sente aux visiteurs potentiels du site. Vous pourriez y \u00e9crire quelque chose de ce tenant\u00a0:\r\n\r\n<blockquote>Bonjour\u00a0! Je suis un m\u00e9canicien qui aspire \u00e0 devenir un acteur, et ceci est mon blog. J\u2019habite \u00e0 Bordeaux, j\u2019ai un super chien qui s\u2019appelle Russell, et j\u2019aime la vodka-ananas (ainsi que perdre mon temps \u00e0 regarder la pluie tomber).<\/blockquote>\r\n\r\n...ou bien quelque chose comme cela\u00a0:\r\n\r\n<blockquote>La soci\u00e9t\u00e9 123 Machin Truc a \u00e9t\u00e9 cr\u00e9\u00e9e en 1971, et n\u2019a cess\u00e9 de proposer au public des machins-trucs de qualit\u00e9 depuis cette ann\u00e9e. Situ\u00e9e \u00e0 Saint-Remy-en-Bouzemont-Saint-Genest-et-Isson, 123 Machin Truc emploie 2\u00a0000 personnes, et fabrique toutes sortes de bidules super pour la communaut\u00e9 bouzemontoise.<\/blockquote>\r\n\r\n\u00c9tant donn\u00e9 que vous \u00eates un nouvel utilisateur ou une nouvelle utilisatrice de WordPress, vous devriez vous rendre sur votre <a href=\"http:\/\/famille-giraud-quevillier.fr\/wp-admin\/\">tableau de bord<\/a> pour effacer la pr\u00e9sente page, et cr\u00e9er de nouvelles pages avec votre propre contenu. Amusez-vous bien\u00a0!","_et_gb_content_width":""},"yoast_head":"<!-- This site is optimized with the Yoast SEO plugin v19.13 - https:\/\/yoast.com\/wordpress\/plugins\/seo\/ -->\n<title>Photos de Famille - Famille Giraud Quevillier<\/title>\n<meta name=\"robots\" content=\"index, follow, max-snippet:-1, max-image-preview:large, max-video-preview:-1\" \/>\n<link rel=\"canonical\" href=\"https:\/\/famille-giraud-quevillier.fr\/index.php\/photos-famille\/\" \/>\n<meta property=\"og:locale\" content=\"fr_FR\" \/>\n<meta property=\"og:type\" content=\"article\" \/>\n<meta property=\"og:title\" content=\"Photos de Famille - Famille Giraud Quevillier\" \/>\n<meta property=\"og:description\" content=\"Passez la souris sur une personne pour conna\u00eetre son identit\u00e9.\" \/>\n<meta property=\"og:url\" content=\"https:\/\/famille-giraud-quevillier.fr\/index.php\/photos-famille\/\" \/>\n<meta property=\"og:site_name\" content=\"Famille Giraud Quevillier\" \/>\n<meta property=\"article:modified_time\" content=\"2019-02-20T09:06:23+00:00\" \/>\n<meta property=\"og:image\" content=\"http:\/\/famille-giraud-quevillier.fr\/wp-content\/uploads\/2018\/11\/peymeinade1_1985-HTML.jpg\" \/>\n<meta name=\"twitter:card\" content=\"summary_large_image\" \/>\n<meta name=\"twitter:label1\" content=\"Dur\u00e9e de lecture estim\u00e9e\" \/>\n\t<meta name=\"twitter:data1\" content=\"1 minute\" \/>\n<script type=\"application\/ld+json\" class=\"yoast-schema-graph\">{\"@context\":\"https:\/\/schema.org\",\"@graph\":[{\"@type\":\"WebPage\",\"@id\":\"https:\/\/famille-giraud-quevillier.fr\/index.php\/photos-famille\/\",\"url\":\"https:\/\/famille-giraud-quevillier.fr\/index.php\/photos-famille\/\",\"name\":\"Photos de Famille - Famille Giraud Quevillier\",\"isPartOf\":{\"@id\":\"https:\/\/famille-giraud-quevillier.fr\/#website\"},\"datePublished\":\"2018-12-02T09:38:28+00:00\",\"dateModified\":\"2019-02-20T09:06:23+00:00\",\"breadcrumb\":{\"@id\":\"https:\/\/famille-giraud-quevillier.fr\/index.php\/photos-famille\/#breadcrumb\"},\"inLanguage\":\"fr-FR\",\"potentialAction\":[{\"@type\":\"ReadAction\",\"target\":[\"https:\/\/famille-giraud-quevillier.fr\/index.php\/photos-famille\/\"]}]},{\"@type\":\"BreadcrumbList\",\"@id\":\"https:\/\/famille-giraud-quevillier.fr\/index.php\/photos-famille\/#breadcrumb\",\"itemListElement\":[{\"@type\":\"ListItem\",\"position\":1,\"name\":\"Accueil\",\"item\":\"https:\/\/famille-giraud-quevillier.fr\/\"},{\"@type\":\"ListItem\",\"position\":2,\"name\":\"Photos de Famille\"}]},{\"@type\":\"WebSite\",\"@id\":\"https:\/\/famille-giraud-quevillier.fr\/#website\",\"url\":\"https:\/\/famille-giraud-quevillier.fr\/\",\"name\":\"Famille Giraud Quevillier\",\"description\":\"Site Familliale\",\"potentialAction\":[{\"@type\":\"SearchAction\",\"target\":{\"@type\":\"EntryPoint\",\"urlTemplate\":\"https:\/\/famille-giraud-quevillier.fr\/?s={search_term_string}\"},\"query-input\":\"required name=search_term_string\"}],\"inLanguage\":\"fr-FR\"}]}<\/script>\n<!-- \/ Yoast SEO plugin. -->","yoast_head_json":{"title":"Photos de Famille - Famille Giraud Quevillier","robots":{"index":"index","follow":"follow","max-snippet":"max-snippet:-1","max-image-preview":"max-image-preview:large","max-video-preview":"max-video-preview:-1"},"canonical":"https:\/\/famille-giraud-quevillier.fr\/index.php\/photos-famille\/","og_locale":"fr_FR","og_type":"article","og_title":"Photos de Famille - Famille Giraud Quevillier","og_description":"Passez la souris sur une personne pour conna\u00eetre son identit\u00e9.","og_url":"https:\/\/famille-giraud-quevillier.fr\/index.php\/photos-famille\/","og_site_name":"Famille Giraud Quevillier","article_modified_time":"2019-02-20T09:06:23+00:00","og_image":[{"url":"http:\/\/famille-giraud-quevillier.fr\/wp-content\/uploads\/2018\/11\/peymeinade1_1985-HTML.jpg"}],"twitter_card":"summary_large_image","twitter_misc":{"Dur\u00e9e de lecture estim\u00e9e":"1 minute"},"schema":{"@context":"https:\/\/schema.org","@graph":[{"@type":"WebPage","@id":"https:\/\/famille-giraud-quevillier.fr\/index.php\/photos-famille\/","url":"https:\/\/famille-giraud-quevillier.fr\/index.php\/photos-famille\/","name":"Photos de Famille - Famille Giraud Quevillier","isPartOf":{"@id":"https:\/\/famille-giraud-quevillier.fr\/#website"},"datePublished":"2018-12-02T09:38:28+00:00","dateModified":"2019-02-20T09:06:23+00:00","breadcrumb":{"@id":"https:\/\/famille-giraud-quevillier.fr\/index.php\/photos-famille\/#breadcrumb"},"inLanguage":"fr-FR","potentialAction":[{"@type":"ReadAction","target":["https:\/\/famille-giraud-quevillier.fr\/index.php\/photos-famille\/"]}]},{"@type":"BreadcrumbList","@id":"https:\/\/famille-giraud-quevillier.fr\/index.php\/photos-famille\/#breadcrumb","itemListElement":[{"@type":"ListItem","position":1,"name":"Accueil","item":"https:\/\/famille-giraud-quevillier.fr\/"},{"@type":"ListItem","position":2,"name":"Photos de Famille"}]},{"@type":"WebSite","@id":"https:\/\/famille-giraud-quevillier.fr\/#website","url":"https:\/\/famille-giraud-quevillier.fr\/","name":"Famille Giraud Quevillier","description":"Site Familliale","potentialAction":[{"@type":"SearchAction","target":{"@type":"EntryPoint","urlTemplate":"https:\/\/famille-giraud-quevillier.fr\/?s={search_term_string}"},"query-input":"required name=search_term_string"}],"inLanguage":"fr-FR"}]}},"_links":{"self":[{"href":"https:\/\/famille-giraud-quevillier.fr\/index.php\/wp-json\/wp\/v2\/pages\/349"}],"collection":[{"href":"https:\/\/famille-giraud-quevillier.fr\/index.php\/wp-json\/wp\/v2\/pages"}],"about":[{"href":"https:\/\/famille-giraud-quevillier.fr\/index.php\/wp-json\/wp\/v2\/types\/page"}],"author":[{"embeddable":true,"href":"https:\/\/famille-giraud-quevillier.fr\/index.php\/wp-json\/wp\/v2\/users\/1"}],"replies":[{"embeddable":true,"href":"https:\/\/famille-giraud-quevillier.fr\/index.php\/wp-json\/wp\/v2\/comments?post=349"}],"version-history":[{"count":12,"href":"https:\/\/famille-giraud-quevillier.fr\/index.php\/wp-json\/wp\/v2\/pages\/349\/revisions"}],"predecessor-version":[{"id":699,"href":"https:\/\/famille-giraud-quevillier.fr\/index.php\/wp-json\/wp\/v2\/pages\/349\/revisions\/699"}],"wp:attachment":[{"href":"https:\/\/famille-giraud-quevillier.fr\/index.php\/wp-json\/wp\/v2\/media?parent=349"}],"curies":[{"name":"wp","href":"https:\/\/api.w.org\/{rel}","templated":true}]}}

<p>[et_pb_section fb_built= »1&Prime; _builder_version= »3.17.6&Prime; custom_padding= »0|0px|0|0px|false|false »][et_pb_row custom_padding= »27.6375px|0px|0|0px|false|false » _builder_version= »3.17.6&Prime;][et_pb_column type= »4_4&Prime; _builder_version= »3.17.6&Prime; parallax= »off » parallax_method= »on »][et_pb_code _builder_version= »3.17.6&Prime; text_orientation= »center » custom_margin= »-25px|| »]<img decoding="async" loading="lazy" src="http://famille-giraud-quevillier.fr/wp-content/uploads/2018/11/peymeinade1_1985-HTML.jpg" usemap="#image-map" border=0 width="578" height="480"><!-- [et_pb_line_break_holder] --> <!-- [et_pb_line_break_holder] --></p>
<map name="image-map"><!-- [et_pb_line_break_holder] --></p>
<area shape="rect" coords="102, 67, 161, 127" href="" title="- 1 - Louis QUEVILLIER"><!-- [et_pb_line_break_holder] --></p>
<area shape="rect" coords="144, 65, 203, 125" href="" title="- 2 - Annick QUEVILLIER"><!-- [et_pb_line_break_holder] --></p>
<area shape="rect" coords="193, 78, 253, 137" href="" title="- 3 - Paulette JULIEN"><!-- [et_pb_line_break_holder] --></p>
<area shape="rect" coords="282, 87, 341, 146" href="" title="- 4 - Fernande DEGLIAME"><!-- [et_pb_line_break_holder] --></p>
<area shape="rect" coords="328, 48, 387, 107" href="" title="- 5 - Gérard GIRAUD"><!-- [et_pb_line_break_holder] --></p>
<area shape="rect" coords="370, 61, 429, 120" href="" title="- 6 - Cécile GIRAUD"><!-- [et_pb_line_break_holder] --></p>
<area shape="rect" coords="441, 64, 500, 123" href="http://famille-giraud-quevillier.fr/index.php/2018/11/30/roger-giraud/" title="- 7 - Roger GIRAUD"><!-- [et_pb_line_break_holder] --></p>
<area shape="rect" coords="254, 143, 313, 202" href="" title="- 8 - Muriel GIRAUD"><!-- [et_pb_line_break_holder] --></p>
<area shape="rect" coords="363, 104, 422, 163" href="" title="- 9 - Gribouille "><!-- [et_pb_line_break_holder] --></map>
<p><!-- [et_pb_line_break_holder] -->[/et_pb_code][et_pb_text _builder_version= »3.17.6&Prime; text_font= »|||||||| » text_font_size= »18px » ul_font= »|||||||| » header_font= »|||||||| » header_2_font= »|||||||| » header_2_font_size= »17px » custom_margin= »-35px|| »]</p>
<p style="text-align: center;">Passez la souris sur une personne pour connaître son identité.</p>
<p style="text-align: center;">[/et_pb_text][/et_pb_column][/et_pb_row][et_pb_row _builder_version= »3.17.6&Prime;][et_pb_column type= »4_4&Prime; _builder_version= »3.17.6&Prime; parallax= »off » parallax_method= »on »][et_pb_gallery gallery_ids= »692,694,695,696,681&Prime; posts_number= »5&Prime; _builder_version= »3.17.6&Prime;][/et_pb_gallery][/et_pb_column][/et_pb_row][/et_pb_section]</p>

<p>Passez la souris sur une personne pour connaître son identité.</p>

Voici un exemple de page. Elle est différente d’un article de blog, en cela qu’elle restera à la même place, et s’affichera dans le menu de navigation de votre site (en fonction de votre thème). La plupart des gens commencent par écrire une page « À Propos » qui les présente aux visiteurs potentiels du site. Vous pourriez y écrire quelque chose de ce tenant :

<blockquote>Bonjour ! Je suis un mécanicien qui aspire à devenir un acteur, et ceci est mon blog. J’habite à Bordeaux, j’ai un super chien qui s’appelle Russell, et j’aime la vodka-ananas (ainsi que perdre mon temps à regarder la pluie tomber).</blockquote>

...ou bien quelque chose comme cela :

<blockquote>La société 123 Machin Truc a été créée en 1971, et n’a cessé de proposer au public des machins-trucs de qualité depuis cette année. Située à Saint-Remy-en-Bouzemont-Saint-Genest-et-Isson, 123 Machin Truc emploie 2 000 personnes, et fabrique toutes sortes de bidules super pour la communauté bouzemontoise.</blockquote>

Étant donné que vous êtes un nouvel utilisateur ou une nouvelle utilisatrice de WordPress, vous devriez vous rendre sur votre <a href="http://famille-giraud-quevillier.fr/wp-admin/">tableau de bord</a> pour effacer la présente page, et créer de nouvelles pages avec votre propre contenu. Amusez-vous bien !

<!-- This site is optimized with the Yoast SEO plugin v19.13 - https://yoast.com/wordpress/plugins/seo/ -->
<title>Photos de Famille - Famille Giraud Quevillier</title>
<meta name="robots" content="index, follow, max-snippet:-1, max-image-preview:large, max-video-preview:-1" />
<link rel="canonical" href="https://famille-giraud-quevillier.fr/index.php/photos-famille/" />
<meta property="og:locale" content="fr_FR" />
<meta property="og:type" content="article" />
<meta property="og:title" content="Photos de Famille - Famille Giraud Quevillier" />
<meta property="og:description" content="Passez la souris sur une personne pour connaître son identité." />
<meta property="og:url" content="https://famille-giraud-quevillier.fr/index.php/photos-famille/" />
<meta property="og:site_name" content="Famille Giraud Quevillier" />
<meta property="article:modified_time" content="2019-02-20T09:06:23+00:00" />
<meta property="og:image" content="http://famille-giraud-quevillier.fr/wp-content/uploads/2018/11/peymeinade1_1985-HTML.jpg" />
<meta name="twitter:card" content="summary_large_image" />
<meta name="twitter:label1" content="Durée de lecture estimée" />
	<meta name="twitter:data1" content="1 minute" />
<script type="application/ld+json" class="yoast-schema-graph">{"@context":"https://schema.org","@graph":[{"@type":"WebPage","@id":"https://famille-giraud-quevillier.fr/index.php/photos-famille/","url":"https://famille-giraud-quevillier.fr/index.php/photos-famille/","name":"Photos de Famille - Famille Giraud Quevillier","isPartOf":{"@id":"https://famille-giraud-quevillier.fr/#website"},"datePublished":"2018-12-02T09:38:28+00:00","dateModified":"2019-02-20T09:06:23+00:00","breadcrumb":{"@id":"https://famille-giraud-quevillier.fr/index.php/photos-famille/#breadcrumb"},"inLanguage":"fr-FR","potentialAction":[{"@type":"ReadAction","target":["https://famille-giraud-quevillier.fr/index.php/photos-famille/"]}]},{"@type":"BreadcrumbList","@id":"https://famille-giraud-quevillier.fr/index.php/photos-famille/#breadcrumb","itemListElement":[{"@type":"ListItem","position":1,"name":"Accueil","item":"https://famille-giraud-quevillier.fr/"},{"@type":"ListItem","position":2,"name":"Photos de Famille"}]},{"@type":"WebSite","@id":"https://famille-giraud-quevillier.fr/#website","url":"https://famille-giraud-quevillier.fr/","name":"Famille Giraud Quevillier","description":"Site Familliale","potentialAction":[{"@type":"SearchAction","target":{"@type":"EntryPoint","urlTemplate":"https://famille-giraud-quevillier.fr/?s={search_term_string}"},"query-input":"required name=search_term_string"}],"inLanguage":"fr-FR"}]}</script>
<!-- / Yoast SEO plugin. -->

Passez la souris sur une personne pour connaître son identité.
